= -4 + 8. What are the prime factors of p?
2
Let w(i) = -i**3 - 13*i**2 - 21*i + 18. What are the prime factors of w(-11)?
7
Suppose 0 = 2*h + 2*c + 1 + 3, 0 = -5*h + 4*c + 8. Suppose d - 3*d + 10 = h. What are the prime factors of d?
5
Suppose 4*y + 2*n - 107 = 3*n, -2*n + 137 = 5*y. What are the prime factors of y?
3
Let q(x) = -x**2 - 4*x - 15. Let r be q(-7). Let l = -17 - r. List the prime factors of l.
19
Let r(c) = -4*c - 11. What are the prime factors of r(-10)?
29
Suppose -2*f + q = f - 14, -5*f + 4*q + 21 = 0. Suppose f*z = -3*v + 30, -v + 3*z + 27 - 3 = 0. Let u = v + 2. List the prime factors of u.
17
Let s = 4 + 17. Suppose 3*h = 5*x - 8 - 3, -s = -3*h - 3*x. List the prime factors of h.
3
Suppose -r = 2*w - 30, 4*r - 15 = -w - 0. List the prime factors of (24/w)/(2/10).
2
Let d = -7 - -9. Suppose 0 = d*c + c - 105. What are the prime factors of c?
5, 7
Let o = -22 + 12. What are the prime factors of o/15*174/(-4)?
29
Let b be -6*(-2 - (-5)/3). Suppose c - 15 = -b*c. Suppose 4*n = -h + 7*n + 20, h = -c*n - 4. List the prime factors of h.
11
Let w be 6*-3*4/(-24). Let u(g) = 4 + 2*g**3 - 3*g**2 + 3*g + 0*g**3 - 7*g. What are the prime factors of u(w)?
19
Let y(s) = s + 2. Suppose a + 2*a - 3 = 0. What are the prime factors of y(a)?
3
Let i(x) = x + 9. Let s be i(-6). Suppose 2*y + s*y - 80 = 0. List the prime factors of y.
2
Suppose -56 = -j - 4*y, 0 = j - 8*y + 3*y - 83. What are the prime factors of j?
2, 17
Let i(t) = t**3 + 3*t**2 - 9*t. Let a be i(-5). Let g = a - -20. What are the prime factors of g?
3, 5
Suppose 2*d - 5*t + 3 = 0, -3*d + t = -5*d - 9. Let q(k) = -k - 1. Let l be q(d). Suppose -5*o = 4*i - 67, -l*i - 35 = -2*o - 2*o. List the prime factors of o.
11
Let r(o) = 2*o + 4. Let c be r(-4). Let s = 16 + -22. What are the prime factors of (10/c)/(3/s)?
5
Suppose -348 = 4*l - 3*p, -137 = 4*l + 3*p + 211. List the prime factors of (l/1)/((-18)/12).
2, 29
What are the prime factors of (((-3312)/(-6))/(-6))/(4/(-6))?
2, 3, 23
Let f be ((-9)/1)/(-4 + 3). Suppose -3*h = -4*w + 26 - 5, h = 2*w - f. List the prime factors of w.
3
Let q(g) = -g**2 - 2*g + 68. List the prime factors of q(0).
2, 17
Suppose 10*k - 8*k + 8 = 0. Let i = k - -59. What are the prime factors of i?
5, 11
Suppose 3*n = 56 - 17. List the prime factors of n.
13
Suppose 0 = 5*y - i - 195, -3*y - 5*i = -5*y + 78. List the prime factors of y.
3, 13
Suppose 0 = -2*v + s + 6, 0 = 2*v - 2*s - 0*s - 8. Let k = 16 - v. What are the prime factors of k?
2, 7
Suppose 3*z = -4*p + 2, -2*p + 7*p + 13 = 4*z. Suppose 3*v - z*v = 4. What are the prime factors of v?
2
Let d(a) = 3*a + 1. Let q be d(1). List the prime factors of -2*3 + q + 28.
2, 13
Let n(h) = 9*h + 13. Let f(g) = -5*g - 6. Let r(z) = 7*f(z) + 4*n(z). What are the prime factors of r(9)?
19
Let n = 39 + -25. Suppose -2*l + n = -l. List the prime factors of l.
2, 7
Suppose b - 10 = -5*x + 6*b, 3*b = 9. Suppose -x*h + 12 = -h. Let r = -1 + h. List the prime factors of r.
2
Suppose -m = -3*f + m - 1, -3*m = -5*f. Suppose 4*i - f*i = 30. List the prime factors of i.
2, 3, 5
Suppose -t + 31 - 10 = 5*y, 0 = -t - 3*y + 19. Let j be 3/(-15) - t/(-5). Let u = 5 - j. List the prime factors of u.
2
Let m(c) = 4*c - 5*c + 0*c + 13. Suppose 0 = 6*f - 2*f. What are the prime factors of m(f)?
13
Let a be ((-63)/(-2))/((-6)/(-8)). Let u = a + -23. List the prime factors of u.
19
Let l(o) = 4*o**2 - 17*o + 48. What are the prime factors of l(11)?
3, 5, 23
Let n(u) = 8*u**3 - u**2 + 2. List the prime factors of n(2).
2, 31
Suppose 0 = 2*v - 226 + 46. Suppose -6*j + v = -j. Let f = j + -7. List the prime factors of f.
11
Let m be (-2)/3*3/2. Let h be (8/20)/((-2)/20). Let g = m - h. List the prime factors of g.
3
List the prime factors of (-2)/(0 + 5/(-190)).
2, 19
Let n(t) = t**2 + 14*t - 45. What are the prime factors of n(-22)?
131
Let r(i) = -i**3 + 6*i**2 + i - 5. Let b be r(6). Suppose 7 = -k + b. Let m(s) = s + 9. What are the prime factors of m(k)?
3
Let v(l) = 2*l**2 + 3*l - 2. Suppose 0*c = 3*c + 9. What are the prime factors of v(c)?
7
Let k be (0 - 1)/((-5)/10). Let m = 6 - 4. Suppose 6 = m*v + k. What are the prime factors of v?
2
Suppose 3*k = 2*k + 3. Suppose 0 = -k*i - 0*i - 3. What are the prime factors of 15/(4 - 1) + i?
2
Suppose -6*q + 2*q - 4*n + 28 = 0, -n = -2. What are the prime factors of q?
5
Let p(i) = i**2 + 4*i + 6. Let m = 6 + -11. List the prime factors of p(m).
11
Let q be (-22)/4 + 1/(-2). Let u be (-32)/q + (-2)/6. Suppose 4*v - 4*k - u = 63, -v = 3*k - 9. What are the prime factors of v?
3, 5
Let t(d) = d**3 - 8*d**2 + 10*d - 2. Let w be t(7). Let n be (w - (-2)/(-2)) + 1. Let p = n - 12. What are the prime factors of p?
7
Suppose -2*b = 5*s - 324, 2*s = -5*b + 30 + 87. List the prime factors of s.
2, 3, 11
Let m(z) = -2*z**3 - 5*z**2 + 5*z - 7. List the prime factors of m(-5).
3, 31
Let u(a) = a + 11. List the prime factors of u(0).
11
Suppose -f = 2*f - 12. Suppose 2*h - f*i - 3 = 21, -h - 2*i = 0. List the prime factors of h.
2, 3
Suppose -2*q = 5*g - 23, -3*g + 3 = 3*q - 18. Suppose g*m + 4 = 7*m. Suppose 25 = 4*y - k, -4*y - 4*k + 19 = -m. List the prime factors of y.
2, 3
Suppose 5*s - 3 = 2. List the prime factors of (s/2)/(3/102).
17
Let v(n) = 35*n**2 - 1. Let y be v(-1). Let g = y - -4. What are the prime factors of g?
2, 19
Let b = -3 + 9. List the prime factors of b.
2, 3
List the prime factors of (5 + 553)*1/2.
3, 31
Let s(f) = f**3 + f**2 + f + 9. Let i be s(0). Let g = 22 + i. Let c = -22 + g. What are the prime factors of c?
3
Suppose -4*f = -7*f + 6. Suppose f*r = -0*r. Suppose 3*k + r*k - 21 = 0. List the prime factors of k.
7
Let d(h) be the second derivative of 2*h**3/3 + h**2 - 2*h. What are the prime factors of d(2)?
2, 5
Let v = 3 + -9. Let u be (-182)/v - (-4)/6. Suppose -9 = -5*l + u. What are the prime factors of l?
2
Let m be (90/75)/((-2)/(-570)). Suppose o = 7*o - m. What are the prime factors of o?
3, 19
Let m(a) = -a + 1. Let q be m(-1). Let l be (8/2 - -2)/q. Suppose -29 = -l*n - 0*y + y, 0 = 2*y - 8. List the prime factors of n.
11
Suppose 3*g = 5*g - 6. Let r(z) = -112*z + 1 + 230*z - 113*z. What are the prime factors of r(g)?
2
Let w = 75 - -121. List the prime factors of w.
2, 7
Let v(w) = 251*w**2 + 1. What are the prime factors of v(1)?
2, 3, 7
Let b be 222/(-24) + 2/8. Let r = 1 - b. Suppose -c - 2*y = -2*c + r, 2*c - 5*y = 23. List the prime factors of c.
2
Let t(n) = 4*n - 3. Let y be -3 + 2 + 1 - -2. List the prime factors of t(y).
5
Suppose 0 = -8*v + 3*v + 90. Let i = -9 + v. List the prime factors of (2 - 2 - -2) + i.
11
Let m = -29 + 64. What are the prime factors of m?
5, 7
Suppose i + 0*i - 35 = 0. Let d = -8 + i. Let f = d - 17. What are the prime factors of f?
2, 5
Suppose 10 = -4*j + 5*w, 4*w = -j - w + 10. Let u(p) = -p**2 - 3*p**3 + 3 + 2 + 4*p**3 + 1. What are the prime factors of u(j)?
2, 3
Suppose 8*n + 1 = 7*n. What are the prime factors of (-3 - n/2)*-6?
3, 5
Suppose i - 8 = -0*i. Let t = i - 1. What are the prime factors of t?
7
Let o(b) = -2*b - 10. Let y be o(-7). Suppose -2*t - 4 = 0, -2*t = y*i - 4*t - 12. Suppose 15 = 3*w + 3*d, -w + i*d - 34 = -6*w. List the prime factors of w.
2
Suppose o - 3 = -0*o. List the prime factors of (-1)/(o - 10/3).
3
Suppose 0 = -4*r + r + 282. What are the prime factors of r?
2, 47
Suppose 3*o = s - 54, -4*s - o = -150 - 105. Suppose -5*m - g + 5*g = -s, -4*m = g - 42. What are the prime factors of m?
11
Suppose 5*c + w = c + 48, -5*c = -2*w - 73. What are the prime factors of c?
13
Let j(v) be the first derivative of v**4/4 + 10*v**3/3 + 9*v**2/2 + 4*v + 1. List the prime factors of j(-9).
2
Let s = -7 + 60. What are the prime factors of s?
53
Let k(v) = -v**3 + 9*v**2 - 7. Let a be k(6). Let t = a + -55. List the prime factors of t.
2, 23
Let g(j) = j**3 + 10*j**2 + 11*j - 8. Let k be g(-8). Let b be 2/(-5) + k/5. Suppose 2*i - 1 - b = -s, -8 = -i - 5*s. List the prime factors of i.
3
List the prime factors of ((-18)/(-21))/((-5)/(-35)).
2, 3
What are the prime factors of 694/30*3 - 4/10?
3, 23
Suppose -2*l + w = 3*l - 29, -3*l + 2*w + 16 = 0. Let a be 11 - (1 - 5) - 2. Let g = a - l. What are the prime factors of g?
7
Let z(r) = 15*r**3 - r**2 + r - 1. Let t be 0 - 2 - (-9 - -6). List the 